se 13.
-405132
What is 104e652 (base 15) in base 9?
23813485
21126600 (base 7) to base 14
347c00
Convert -6606651 (base 7) to base 15.
-10eb19
Convert -10545685 (base 10) to base 14.
-1587273
-2c183 (base 15) to base 2
-100010101100010010
Convert 11101011001100111 (base 2) to base 8.
353147
1063163 (base 8) to base 14
7713d
Convert -91104 (base 14) to base 2.
-1010101001000010000
What is -1961445 (base 12) in base 8?
-24325465
Convert 10101111001101010 (base 2) to base 8.
257152
Convert 319509 (base 10) to base 6.
10503113
Convert -313464 (base 9) to base 16.
-2d7a5
What is 102980a (base 11) in base 7?
21263022
20200021211100 (base 3) to base 5
1402024041
What is -30a14 (base 13) in base 4?
-111111132
-6767307 (base 9) to base 5
-1413143313
Convert -110100001101010 (base 2) to base 14.
-9a54
What is -413332 (base 7) in base 4?
-101102230
Convert -802 (base 10) to base 12.
-56a
Convert 1001011111100000111001 (base 2) to base 14.
48abb3
What is -3193a27 (base 11) in base 3?
-101120011020002
Convert -33ace (base 16) to base 3.
-101202100100
-12222201220 (base 3) to base 5
-12233111
What is -1551160 (base 7) in base 16?
-3446b
21a9a85 (base 12) to base 16
6258c5
What is -448283 (base 11) in base 10?
-713749
Convert -150335330 (base 6) to base 10.
-3107718
What is 433901 (base 10) in base 13?
122660
Convert -30442241 (base 5) to base 2.
-111100111101100000
332885 (base 11) to base 7
4340343
What is -336726 (base 9) in base 6?
-4154123
286841 (base 9) to base 11
10aa68
Convert 120201211022 (base 3) to base 12.
12b282
What is 4575047 (base 9) in base 7?
26666662
10313460 (base 8) to base 15
2d73e7
-2110120 (base 3) to base 11
-1394
-797d27 (base 15) to base 11
-3300001
24416 (base 12) to base 11
33886
Convert -1011211000222 (base 3) to base 12.
-2624a5
-27404c (base 13) to base 9
-1710022
Convert 570125 (base 9) to base 6.
11151552
What is -1100003 (base 6) in base 16?
-d4a3
13842170 (base 10) to base 3
222001020212222
Convert 14e6 (base 16) to base 3.
21100011
4102020 (base 5) to base 3
10100101012
110344254 (base 6) to base 5
1002122114
-2574a3 (base 14) to base 10
-1287863
What is -74730 (base 10) in base 9?
-123453
Convert -4c690 (base 16) to base 12.
-131154
Convert 11046461 (base 8) to base 7.
26136012
Convert 10221131320 (base 4) to base 3.
2021220100211
-302844 (base 12) to base 10
-751156
Convert -2633a9 (base 12) to base 15.
-c6050
What is 1062ee (base 15) in base 10?
780299
Convert -6368575 (base 9) to base 11.
-1a200a1
Convert 13205256 (base 8) to base 12.
ba42ba
Convert 4a0788 (base 15) to base 2.
1101100001100101101101
3231208 (base 9) to base 4
12213012023
What is 1913b1b (base 14) in base 4?
233113323131
Convert 201302133 (base 4) to base 2.
100001110010011111
Convert 25342045 (base 6) to base 16.
c8b6d
What is -22347 (base 14) in base 12?
-40023
Convert -464432 (base 14) to base 4.
-21020113330
55469 (base 14) to base 9
344451
What is -2821a (base 12) in base 13?
-1c405
What is 6558083 (base 9) in base 3?
20121222002210
-405b1 (base 14) to base 9
-255308
Convert 3216b7 (base 13) to base 15.
182e5c
What is -92808a (base 11) in base 3?
-2210200012012
Convert 32135352 (base 6) to base 2.
11100110111101010100
-120357 (base 9) to base 16
-11b12
43107 (base 9) to base 2
110111101100111
1012133032 (base 4) to base 11
187a11
Convert -1033331332 (base 4) to base 16.
-4ff7e
Convert 430434011 (base 5) to base 8.
6722454
Convert 8cd9 (base 16) to base 4.
20303121
What is 257284a (base 11) in base 5?
2120021143
Convert -499b1 (base 14) to base 3.
-100011022000
10010110000101101101001 (base 2) to base 9
10225348
What is 4006240 (base 7) in base 6?
14044444
Convert 12120020210 (base 3) to base 16.
1abdd
-130231102 (base 4) to base 10
-117586
Convert 2200461 (base 7) to base 15.
54b36
Convert 16627 (base 9) to base 12.
675a
What is 11545785 (base 9) in base 4?
111200333330
Convert -4333200 (base 5) to base 13.
-279ba
Convert -213bb75 (base 12) to base 11.
-3616067
What is -29b22a3 (base 13) in base 12?
-4561043
Convert 10022001212200 (base 3) to base 11.
a98198
Convert -1867465 (base 11) to base 6.
-151402531
What is -481163 (base 10) in base 7?
-4042544
What is -711d8 (base 15) in base 14?
-94762
Convert -135054 (base 8) to base 10.
-47660
What is -47139 (base 12) in base 5?
-11021404
11121010212 (base 3) to base 15
1bc35
-19a4366 (base 11) to base 16
-337885
Convert 1024203122 (base 5) to base 15.
2d075c
-247270 (base 10) to base 12
-bb11a
What is 1859 (base 10) in base 8?
3503
Convert -45063020 (base 7) to base 14.
-736710
Convert 2709562 (base 12) to base 8.
35371732
Convert 1075733 (base 10) to base 3.
2000122121222
Convert -1310311 (base 4) to base 2.
-1110100110101
-13443323 (base 5) to base 2
-100010010010101111
What is -1344827 (base 9) in base 10?
-738421
Convert 237654 (base 9) to base 7.
1135063
Convert -5a867 (base 13) to base 4.
-220211010
-1123012332 (base 4) to base 9
-627816
What is -276134 (base 9) in base 12?
-81627
1b4cc (base 13) to base 10
53572
What is 173943 (base 16) in base 14?
2b8935
Convert 11822995 (base 10) to base 3.
211020200002201
What is 1151033 (base 7) in base 9?
243362
What is 34697 (base 10) in base 15?
a432
What is 39458 (base 10) in base 5?
2230313
Convert -572c (base 16) to base 7.
-122030
What is 33738 (base 12) in base 9?
113788
Convert 110100110000110001101 (base 2) to base 14.
3300d7
What is 41430a (base 13) in base 8?
5636536
What is 14116105 (base 7) in base 11?
819362
What is 105561512 (base 7) in base 5?
3122431314
-12254566 (base 7) to base 11
-696059
5464425 (base 7) to base 9
1233063
What is -2998926 (base 12) in base 10?
-8413230
What is 11011001111001101 (base 2) in base 5?
12032230
Convert 1177727 (base 9) to base 4.
2130301000
What is -221000041 (base 5) in base 10?
-953146
Convert 30232101200 (base 4) to base 7.
40230542
What is -297a788 (base 12) in base 11?
-4800297
What is 100021112002 (base 3) in base 13?
65186
-2232087 (base 9) to base 8
-4454030
403076 (base 8) to base 5
13221140
Convert 1011011000111000011 (base 2) to base 8.
1330703
-10144630 (base 7) to base 11
-53193a
Convert -220001122011 (base 3) to base 15.
-954c4
35080 (base 10) to base 16
8908
What is 347cb (base 13) in base 2?
10111011001001101
What is 1000101211210 (base 3) in base 13?
15b652
What is -242242 (base 10) in base 2?
-111011001001000010
What is -12001111110 (base 3) in base 11?
-68841
Convert -162bd8 (base 15) to base 2.
-100000101110110101001
What is -1110022120102 (base 3) in base 14?
-162057
Convert 30774716 (base 8) to base 6.
352233222
Convert 4693949 (base 11) to base 8.
37173016
What is -415030 (base 6) in base 11?
-23193
Convert 63121 (base 8) to base 15.
7b63
What is -22210023 (base 5) in base 10?
-194388
What is -9249e (base 15) in base 13?
-132c20
-100010101101111011010 (base 2) to base 9
-2123468
What is -2874914 (base 10) in base 2?
-1010111101111000100010
Convert -405054 (base 9) to base 5.
-30134030
Convert -342877 (base 12) to base 9.
-1511201
Convert -2542503 (base 9) to base 11.
-867556
4ac3 (base 13) to base 7
43004
Convert 8077 (base 14) to base 5.
1201212
What is -6136454 (base 7) in base 14?
-150b9b
Convert 726e7f (base 16) to base 4.
130212321333
Convert -20b2017 (base 13) to base 10.
-9972203
-272606 (base 8) to base 2
-10111010110000110
Convert 5441448 (base 9) to base 6.
142333542
-3543165 (base 7) to base 15
-8c9c6
What is -1978936 (base 12) in base 15?
-715bc6
1121200122100 (base 3) to base 9
1550570
-10201441 (base 6) to base 4
-1020033001
What is 5532110 (base 6) in base 9?
461276
37c22c (base 15) to base 12
a8b1b0
-44264 (base 8) to base 12
-a930
4a50d (base 14) to base 10
182097
148326 (base 12) to base 3
122120201010
1bcbd (base 15) to base 10
90628
114970 (base 10) to base 13
4043b
What is -251004 (base 13) in base 11?
-556952
-24020310 (base 5) to base 15
-45320
What is -11790 (base 10) in base 11?
-8949
Convert -6988018 (base 12) to base 10.
-20335124
40456 (base 15) to base 5
23002411
What is 20112312 (base 5) in base 3?
22010221020
What is -f1defa (base 16) in base 15?
-15d1a08
Convert -157c1 (base 16) to base 10.
-88001
-214522320 (base 6) to base 15
-516046
What is -78b37 (base 14) in base 10?
-293069
What is 4303044 (base 6) in base 7?
1535035
Convert -37556 (base 10) t